{"id":32509,"date":"2020-02-25T15:05:35","date_gmt":"2020-02-25T15:05:35","guid":{"rendered":"https:\/\/www.yanmar.com\/marine\/yanmar-marine-international\/partenaires-et-affilis\/"},"modified":"2025-01-14T12:11:21","modified_gmt":"2025-01-14T12:11:21","slug":"partenaires-et-affilis","status":"publish","type":"page","link":"https:\/\/www.yanmar.com\/marine\/fr\/a-propos-de-nous\/yanmar-marine-international\/partenaires-et-affilis\/","title":{"rendered":"Partenaires et affili\u00e9s"},"content":{"rendered":"\n<div style=\"height:auto\" aria-hidden=\"true\" class=\"wp-block-spacer is-style-small\"><\/div>\n\n<div class=\"wp-block-media-text is-stacked-on-mobile is-vertically-aligned-top\" style=\"grid-template-columns:35% auto\"><figure class=\"wp-block-media-text__media\"><img decoding=\"async\" data-src=\"https:\/\/www.yanmar.com\/marine\/wp-content\/uploads\/2020\/06\/vetus.png\" alt=\"Vetus\" class=\"wp-image-20673 size-full lazyload\" src=\"data:image\/svg+xml;base64,PHN2ZyB3aWR0aD0iMSIgaGVpZ2h0PSIxIiB4bWxucz0iaHR0cDovL3d3dy53My5vcmcvMjAwMC9zdmciPjwvc3ZnPg==\" \/><\/figure><div class=\"wp-block-media-text__content\">\n<p><em>Unis pour fournir des clients dans le monde entier<\/em><\/p>\n\n\n\n<p>En s&#8217;associant pour cr\u00e9er une source fiable et \u00e9tendue d&#8217;\u00e9quipements marins, le partenariat YANMAR-VETUS associe deux marques parfaitement compatibles au profit des clients du monde entier. Le sp\u00e9cialiste des syst\u00e8mes complets VETUS rejoint le groupe YANMAR dans le cadre d&#8217;une collaboration qui fusionne plus de 100 ans d&#8217;expertise et d&#8217;exp\u00e9rience en mati\u00e8re de moteurs YANMAR avec un portefeuille VETUS complet et polyvalent d&#8217;accessoires li\u00e9s aux moteurs et de composants de syst\u00e8mes pour bateaux d\u00e9velopp\u00e9s au cours des 50 derni\u00e8res ann\u00e9es. En capitalisant sur une s\u00e9rie de synergies commerciales et en unissant les empreintes et les r\u00e9seaux mondiaux \u00e9tablis de chaque soci\u00e9t\u00e9, un guichet unique de confiance en mati\u00e8re d&#8217;int\u00e9gration de syst\u00e8mes complets est \u00e9tabli, qui est \u00e9quip\u00e9 de mani\u00e8re unique et pertinente pour prosp\u00e9rer dans les ann\u00e9es \u00e0 venir. YANMAR et VETUS poursuivent leur d\u00e9veloppement en parall\u00e8le, travaillant l&#8217;un avec l&#8217;autre dans le monde entier pour fournir des solutions avanc\u00e9es aux propri\u00e9taires de bateaux, permettant aux clients d&#8217;optimiser leur temps \u00e0 bord et de profiter d&#8217;une exp\u00e9rience sans souci sur l&#8217;eau avec un ensemble de syst\u00e8mes de moteurs dont ils peuvent faire confiance pour durer et \u00eatre performants \u00e0 tout moment.   <\/p>\n\n\n\n<p>VETUS<br\/>Proposant des syst\u00e8mes complets pour bateaux autour d&#8217;un moteur YANMAR, les solutions innovantes de VETUS en mati\u00e8re de puissance et d&#8217;\u00e9quipement technique pour les bateaux de plaisance et les petits navires commerciaux comprennent une gamme d&#8217;accessoires pour moteurs tels que des syst\u00e8mes d&#8217;\u00e9chappement et des filtres \u00e0 huile, ainsi que des propulseurs d&#8217;\u00e9trave, des panneaux de commande, des g\u00e9n\u00e9rateurs et bien plus encore. Le portefeuille complet de produits, de connexions et de composants de l&#8217;entreprise couvre plus de 14 syst\u00e8mes, de la salle des machines \u00e0 la passerelle, et sont tous con\u00e7us pour une installation, une utilisation et un entretien simples et faciles. <\/p>\n\n\n\n<div class=\"wp-block-buttons is-layout-flex wp-block-buttons-is-layout-flex\">\n<div class=\"wp-block-button\"><a class=\"wp-block-button__link wp-element-button\" href=\"https:\/\/www.vetus.com\/\" target=\"_blank\" rel=\"noreferrer noopener nofollow\">Visitez le site web<\/a><\/div>\n<\/div>\n<\/div><\/div>\n\n<div style=\"height:auto\" aria-hidden=\"true\" class=\"wp-block-spacer is-style-small\"><\/div>\n\n<div class=\"wp-block-media-text is-stacked-on-mobile is-vertically-aligned-top\" style=\"grid-template-columns:35% auto\"><figure class=\"wp-block-media-text__media\"><img decoding=\"async\" data-src=\"https:\/\/www.yanmar.com\/marine\/wp-content\/uploads\/2020\/06\/flexofold.png\" alt=\"Prop et logo Flexofold\" class=\"wp-image-20584 size-full lazyload\" src=\"data:image\/svg+xml;base64,PHN2ZyB3aWR0aD0iMSIgaGVpZ2h0PSIxIiB4bWxucz0iaHR0cDovL3d3dy53My5vcmcvMjAwMC9zdmciPjwvc3ZnPg==\" \/><\/figure><div class=\"wp-block-media-text__content\">\n<p><em>L&#8217;acquisition permet des solutions int\u00e9gr\u00e9es<\/em><\/p>\n\n\n\n<p>Con\u00e7u pour fournir des solutions int\u00e9gr\u00e9es aux secteurs des voiliers et des multicoques avec la plus grande efficacit\u00e9, le partenariat entre l&#8217;expert en h\u00e9lices Flexofold et YANMAR r\u00e9unit deux entreprises tr\u00e8s proches l&#8217;une de l&#8217;autre. L&#8217;ajout de l&#8217;h\u00e9lice pliante \u00e0 faible tra\u00een\u00e9e, leader sur le march\u00e9, \u00e0 la gamme de solutions de propulsion compl\u00e8tes de YANMAR confirme l&#8217;engagement de YANMAR \u00e0 offrir la plus haute qualit\u00e9. Les deux entreprises travaillent ensemble avec une approche rentable qui unit une passion commune pour la voile et l&#8217;innovation, fournissant un syst\u00e8me exceptionnel de transmission de moteur et d&#8217;h\u00e9lice pour les constructeurs de voiliers, les distributeurs et les propri\u00e9taires \u00e0 travers le monde. Flexofold continue d&#8217;op\u00e9rer de mani\u00e8re ind\u00e9pendante, en conservant son identit\u00e9 de marque distincte et en se concentrant sur le d\u00e9veloppement de la prochaine g\u00e9n\u00e9ration de solutions pour la conception d&#8217;h\u00e9lices sur le march\u00e9 mondial des voiliers haut de gamme.   <\/p>\n\n\n\n<p>FLEXOFOLD<br\/>Fond\u00e9e en 1992 par l&#8217;entrepreneur et expert en hydrodynamique Jack Skrydstrup, Flexofold est un leader mondial dans le d\u00e9veloppement, la fabrication et la distribution d&#8217;h\u00e9lices pliantes tr\u00e8s efficaces. Les h\u00e9lices pour voiliers, qui sont vendues directement aux constructeurs de bateaux ainsi qu&#8217;aux propri\u00e9taires de bateaux priv\u00e9s dans le monde entier, sont fabriqu\u00e9es dans l&#8217;usine danoise de l&#8217;entreprise, \u00e9quip\u00e9e d&#8217;un mat\u00e9riel CNC moderne et de la technologie des robots. R\u00e9put\u00e9e pour ses performances \u00e9lev\u00e9es et sa faible tra\u00een\u00e9e, la gamme d&#8217;h\u00e9lices de pointe continue de s&#8217;\u00e9toffer avec l&#8217;introduction de nouveaux mod\u00e8les.  <\/p>\n\n\n\n<div class=\"wp-block-buttons is-layout-flex wp-block-buttons-is-layout-flex\">\n<div class=\"wp-block-button\"><a class=\"wp-block-button__link wp-element-button\" href=\"https:\/\/flexofold.com\/\" target=\"_blank\" rel=\"noreferrer noopener nofollow\">Visitez le site web<\/a><\/div>\n<\/div>\n<\/div><\/div>\n\n<div style=\"height:auto\" aria-hidden=\"true\" class=\"wp-block-spacer is-style-small\"><\/div>\n\n<div class=\"wp-block-media-text is-stacked-on-mobile is-vertically-aligned-top\" style=\"grid-template-columns:35% auto\"><figure class=\"wp-block-media-text__media\"><img decoding=\"async\" data-src=\"https:\/\/www.yanmar.com\/marine\/wp-content\/uploads\/2020\/06\/getmyboat.png\" alt=\"\" class=\"wp-image-20566 size-full lazyload\" src=\"data:image\/svg+xml;base64,PHN2ZyB3aWR0aD0iMSIgaGVpZ2h0PSIxIiB4bWxucz0iaHR0cDovL3d3dy53My5vcmcvMjAwMC9zdmciPjwvc3ZnPg==\" \/><\/figure><div class=\"wp-block-media-text__content\">\n<p><em>Investir au c\u0153ur de l&#8217;industrie maritime<span style=\"font-family: \" helvetica=\"\" neue=\"\" arial=\"\" sans-serif=\"\" font-size:=\"\" white-space-collapse:=\"\" collapse=\"\"><\/span><\/em><\/p><p><em style=\"box-sizing: border-box; font-family: \" helvetica=\"\" neue=\"\" arial=\"\" sans-serif=\"\" font-size:=\"\" white-space-collapse:=\"\" collapse=\"\"><\/em><\/p>\n\n\n\n<p>Le partenariat de YANMAR avec le march\u00e9 de la location de bateaux et de l&#8217;exp\u00e9rience aquatique GetMyBoat cr\u00e9e une alliance mondiale dynamique, avec un engagement commun pour g\u00e9n\u00e9rer la participation \u00e0 la navigation de plaisance et unifi\u00e9e dans le maintien de la sant\u00e9 de l&#8217;ensemble de l&#8217;industrie maritime r\u00e9cr\u00e9ative. Gr\u00e2ce \u00e0 l&#8217;investissement strat\u00e9gique et au soutien de YANMAR, les deux entreprises sont bien plac\u00e9es pour concr\u00e9tiser une vision commune visant \u00e0 encourager un plus grand nombre de personnes \u00e0 travers le monde \u00e0 vivre en toute s\u00e9curit\u00e9 l&#8217;\u00e9motion et le plaisir des activit\u00e9s sur l&#8217;eau. En tant qu&#8217;ambassadeurs de la marine, avec une pr\u00e9sence mondiale, un h\u00e9ritage exceptionnel et une tradition d&#8217;innovation, YANMAR s&#8217;engage \u00e0 partager son expertise technique et \u00e0 stimuler l&#8217;int\u00e9r\u00eat pour la navigation de plaisance en travaillant avec une liste \u00e9volutive de partenaires et d&#8217;associations dans les secteurs de la comp\u00e9tition et de la plaisance. L&#8217;engagement de s&#8217;inspirer des innovations et du succ\u00e8s de GetMyBoat et de stimuler l&#8217;expansion de l&#8217;entreprise est au c\u0153ur de la responsabilit\u00e9 inn\u00e9e de YANMAR envers l&#8217;industrie et de son int\u00e9r\u00eat pour les march\u00e9s du charter et de la location de bateaux, alors qu&#8217;elle cherche \u00e0 am\u00e9liorer les moyens d&#8217;accueillir les nouveaux arrivants dans l&#8217;environnement marin.   <\/p>\n\n\n\n<p>GETMYBOAT<br\/>Fond\u00e9 en 2013 \u00e0 San Francisco, GetMyBoat est devenu le plus grand march\u00e9 en ligne de location de bateaux et d&#8217;exp\u00e9riences nautiques, avec plus de 130 000 annonces dans 184 pays et plus de 9 300 destinations dans le monde. Cette approche innovante de la location de bateaux de pair \u00e0 pair met le monde du nautisme \u00e0 la port\u00e9e de tous, qu&#8217;il s&#8217;agisse d&#8217;un capitaine accompli ou d&#8217;un novice en la mati\u00e8re. GetMyBoat permet aux propri\u00e9taires de tous types de bateaux, des kayaks aux voiliers en passant par les bateaux \u00e0 moteur, d&#8217;atteindre des milliers de clients potentiels.  <\/p>\n\n\n\n<div class=\"wp-block-buttons is-layout-flex wp-block-buttons-is-layout-flex\">\n<div class=\"wp-block-button\"><a class=\"wp-block-button__link wp-element-button\" href=\"https:\/\/www.getmyboat.com\/\" target=\"_blank\" rel=\"noreferrer noopener nofollow\">Visitez le site web<\/a><\/div>\n<\/div>\n<\/div><\/div>\n\n<div style=\"height:auto\" aria-hidden=\"true\" class=\"wp-block-spacer is-style-small\"><\/div>\n\n<div class=\"wp-block-media-text is-stacked-on-mobile is-vertically-aligned-top\" style=\"grid-template-columns:35% auto\"><figure class=\"wp-block-media-text__media\"><img decoding=\"async\" width=\"600\" height=\"600\" data-src=\"https:\/\/www.yanmar.com\/marine\/wp-content\/smush-webp\/2020\/10\/smartgyro.jpg.webp\" alt=\"Gyroscope intelligent\" class=\"wp-image-25716 size-full lazyload\" data-srcset=\"https:\/\/www.yanmar.com\/marine\/wp-content\/smush-webp\/2020\/10\/smartgyro.jpg.webp 600w, https:\/\/www.yanmar.com\/marine\/wp-content\/smush-webp\/2020\/10\/smartgyro-300x300.jpg.webp 300w, https:\/\/www.yanmar.com\/marine\/wp-content\/smush-webp\/2020\/10\/smartgyro-150x150.jpg.webp 150w, https:\/\/www.yanmar.com\/marine\/wp-content\/smush-webp\/2020\/10\/smartgyro-480x480.jpg.webp 480w\" data-sizes=\"(max-width: 600px) 100vw, 600px\" src=\"data:image\/svg+xml;base64,PHN2ZyB3aWR0aD0iMSIgaGVpZ2h0PSIxIiB4bWxucz0iaHR0cDovL3d3dy53My5vcmcvMjAwMC9zdmciPjwvc3ZnPg==\" style=\"--smush-placeholder-width: 600px; --smush-placeholder-aspect-ratio: 600\/600;\" data-smush-webp-fallback=\"{&quot;data-src&quot;:&quot;https:\\\/\\\/www.yanmar.com\\\/marine\\\/wp-content\\\/uploads\\\/2020\\\/10\\\/smartgyro.jpg&quot;,&quot;data-srcset&quot;:&quot;https:\\\/\\\/www.yanmar.com\\\/marine\\\/wp-content\\\/uploads\\\/2020\\\/10\\\/smartgyro.jpg 600w, https:\\\/\\\/www.yanmar.com\\\/marine\\\/wp-content\\\/uploads\\\/2020\\\/10\\\/smartgyro-300x300.jpg 300w, https:\\\/\\\/www.yanmar.com\\\/marine\\\/wp-content\\\/uploads\\\/2020\\\/10\\\/smartgyro-150x150.jpg 150w, https:\\\/\\\/www.yanmar.com\\\/marine\\\/wp-content\\\/uploads\\\/2020\\\/10\\\/smartgyro-480x480.jpg 480w&quot;}\" \/><\/figure><div class=\"wp-block-media-text__content\">\n<p><em>Un nouveau confort pour les clients<\/em><\/p><p><em style=\"box-sizing: border-box; font-family: \" helvetica=\"\" neue=\"\" arial=\"\" sans-serif=\"\" font-size:=\"\" white-space-collapse:=\"\" collapse=\"\"><\/em><\/p>\n\n\n\n<p>Gr\u00e2ce \u00e0 un partenariat strat\u00e9gique qui lui permet d&#8217;acc\u00e9der au march\u00e9 en pleine croissance des stabilisateurs gyroscopiques, YANMAR est en mesure d&#8217;offrir un nouveau niveau de confort et une exp\u00e9rience am\u00e9lior\u00e9e aux propri\u00e9taires de bateaux \u00e0 moteur. Les connaissances approfondies de SmartGyro en mati\u00e8re de stabilisation des bateaux, son expertise en ing\u00e9nierie sp\u00e9cialis\u00e9e et ses produits de stabilisation gyroscopique convaincants compl\u00e8tent de fa\u00e7on unique les syst\u00e8mes, l&#8217;\u00e9quipement et les connaissances de YANMAR dans le domaine de la marine. Le r\u00e9sultat est la disponibilit\u00e9 d&#8217;une gamme compl\u00e8te de stabilisateurs gyroscopiques tr\u00e8s avanc\u00e9s qui \u00e9liminent pratiquement le roulis du bateau, con\u00e7us et d\u00e9velopp\u00e9s avec l&#8217;appui de YANMAR et offerts par l&#8217;entremise de son r\u00e9seau mondial pour les applications marines r\u00e9cr\u00e9atives et commerciales. En harmonie avec la vision de YANMAR, qui consiste \u00e0 am\u00e9liorer le plaisir, le confort et la s\u00e9curit\u00e9 des plaisanciers gr\u00e2ce \u00e0 des syst\u00e8mes marins technologiquement avanc\u00e9s, cette \u00e9troite collaboration permet \u00e0 SmartGyro d&#8217;op\u00e9rer en Italie, en tant qu&#8217;entit\u00e9 autonome. Cette nouvelle dimension de la gamme YANMAR s&#8217;inscrit dans la strat\u00e9gie plus large de l&#8217;entreprise qui consiste \u00e0 continuer \u00e0 \u00e9largir son offre avec des partenaires et des investissements choisis.    <\/p>\n\n\n\n<p>SMARTGYRO<br\/>Fond\u00e9e en 2014, Smartgyro est une soci\u00e9t\u00e9 de technologie de stabilisation gyroscopique bas\u00e9e \u00e0 La Spezia, en Italie, dont la mission est de stabiliser les bateaux de 30 \u00e0 80 pieds. La soci\u00e9t\u00e9 a con\u00e7u et d\u00e9velopp\u00e9 une gamme compl\u00e8te de stabilisateurs gyroscopiques de pointe pour les navires de plaisance et les navires commerciaux, adapt\u00e9s aux nouveaux bateaux et aux installations de refit. <\/p>\n\n\n\n<div class=\"wp-block-buttons is-layout-flex wp-block-buttons-is-layout-flex\">\n<div class=\"wp-block-button\"><a class=\"wp-block-button__link wp-element-button\" href=\"https:\/\/www.smartgyro.com\/\" target=\"_blank\" rel=\"noreferrer noopener nofollow\">Visitez le site web<\/a><\/div>\n<\/div>\n<\/div><\/div>\n\n<div style=\"height:auto\" aria-hidden=\"true\" class=\"wp-block-spacer is-style-small\"><\/div>\n","protected":false},"excerpt":{"rendered":"","protected":false},"author":14,"featured_media":0,"parent":32472,"menu_order":1,"comment_status":"closed","ping_status":"closed","template":"","meta":{"_acf_changed":false,"footnotes":""},"tags":[],"class_list":["post-32509","page","type-page","status-publish","hentry"],"acf":[],"yoast_head":"<!-- This site is optimized with the Yoast SEO Premium plugin v27.2 (Yoast SEO v27.2) - https:\/\/yoast.com\/product\/yoast-seo-premium-wordpress\/ -->\n<title>Partenaires et affili\u00e9s - YANMAR Marine International<\/title>\n<meta name=\"robots\" content=\"index, follow, max-snippet:-1, max-image-preview:large, max-video-preview:-1\" \/>\n<link rel=\"canonical\" href=\"https:\/\/www.yanmar.com\/marine\/a-propos-de-nous\/yanmar-marine-international\/partenaires-et-affilis\/\" \/>\n<meta property=\"og:locale\" content=\"en_US\" \/>\n<meta property=\"og:type\" content=\"article\" \/>\n<meta property=\"og:title\" content=\"Partenaires et affili\u00e9s\" \/>\n<meta property=\"og:url\" content=\"https:\/\/www.yanmar.com\/marine\/fr\/a-propos-de-nous\/yanmar-marine-international\/partenaires-et-affilis\/\" \/>\n<meta property=\"og:site_name\" content=\"YANMAR Marine International\" \/>\n<meta property=\"article:modified_time\" content=\"2025-01-14T12:11:21+00:00\" \/>\n<meta property=\"og:image\" content=\"https:\/\/origin-ymi.yanmar.com\/marine\/wp-content\/uploads\/2020\/06\/vetus.png\" \/>\n<meta name=\"twitter:card\" content=\"summary_large_image\" \/>\n<meta name=\"twitter:label1\" content=\"Est. reading time\" \/>\n\t<meta name=\"twitter:data1\" content=\"6 minutes\" \/>\n<script type=\"application\/ld+json\" class=\"yoast-schema-graph\">{\"@context\":\"https:\/\/schema.org\",\"@graph\":[{\"@type\":\"WebPage\",\"@id\":\"https:\/\/www.yanmar.com\/marine\/fr\/a-propos-de-nous\/yanmar-marine-international\/partenaires-et-affilis\/\",\"url\":\"https:\/\/www.yanmar.com\/marine\/fr\/a-propos-de-nous\/yanmar-marine-international\/partenaires-et-affilis\/\",\"name\":\"Partenaires et affili\u00e9s - YANMAR Marine International\",\"isPartOf\":{\"@id\":\"https:\/\/origin-ymi.yanmar.com\/marine\/#website\"},\"primaryImageOfPage\":{\"@id\":\"https:\/\/www.yanmar.com\/marine\/fr\/a-propos-de-nous\/yanmar-marine-international\/partenaires-et-affilis\/#primaryimage\"},\"image\":{\"@id\":\"https:\/\/www.yanmar.com\/marine\/fr\/a-propos-de-nous\/yanmar-marine-international\/partenaires-et-affilis\/#primaryimage\"},\"thumbnailUrl\":\"https:\/\/origin-ymi.yanmar.com\/marine\/wp-content\/uploads\/2020\/06\/vetus.png\",\"datePublished\":\"2020-02-25T15:05:35+00:00\",\"dateModified\":\"2025-01-14T12:11:21+00:00\",\"breadcrumb\":{\"@id\":\"https:\/\/www.yanmar.com\/marine\/fr\/a-propos-de-nous\/yanmar-marine-international\/partenaires-et-affilis\/#breadcrumb\"},\"inLanguage\":\"en-US\",\"potentialAction\":[{\"@type\":\"ReadAction\",\"target\":[\"https:\/\/www.yanmar.com\/marine\/fr\/a-propos-de-nous\/yanmar-marine-international\/partenaires-et-affilis\/\"]}]},{\"@type\":\"ImageObject\",\"inLanguage\":\"en-US\",\"@id\":\"https:\/\/www.yanmar.com\/marine\/fr\/a-propos-de-nous\/yanmar-marine-international\/partenaires-et-affilis\/#primaryimage\",\"url\":\"https:\/\/origin-ymi.yanmar.com\/marine\/wp-content\/uploads\/2020\/06\/vetus.png\",\"contentUrl\":\"https:\/\/origin-ymi.yanmar.com\/marine\/wp-content\/uploads\/2020\/06\/vetus.png\"},{\"@type\":\"BreadcrumbList\",\"@id\":\"https:\/\/www.yanmar.com\/marine\/fr\/a-propos-de-nous\/yanmar-marine-international\/partenaires-et-affilis\/#breadcrumb\",\"itemListElement\":[{\"@type\":\"ListItem\",\"position\":1,\"name\":\"Yanmar Marine\",\"item\":\"https:\/\/origin-ymi.yanmar.com\/marine\/\"},{\"@type\":\"ListItem\",\"position\":2,\"name\":\"A propos de nous\",\"item\":\"https:\/\/origin-ymi.yanmar.com\/marine\/a-propos-de-nous\/\"},{\"@type\":\"ListItem\",\"position\":3,\"name\":\"\u00c0 propos de l&rsquo;IMJ\",\"item\":\"https:\/\/origin-ymi.yanmar.com\/marine\/a-propos-de-nous\/yanmar-marine-international\/\"},{\"@type\":\"ListItem\",\"position\":4,\"name\":\"Partenaires et affili\u00e9s\"}]},{\"@type\":\"WebSite\",\"@id\":\"https:\/\/origin-ymi.yanmar.com\/marine\/#website\",\"url\":\"https:\/\/origin-ymi.yanmar.com\/marine\/\",\"name\":\"YANMAR Marine International\",\"description\":\"Proven Marine Technology\",\"publisher\":{\"@id\":\"https:\/\/origin-ymi.yanmar.com\/marine\/#organization\"},\"potentialAction\":[{\"@type\":\"SearchAction\",\"target\":{\"@type\":\"EntryPoint\",\"urlTemplate\":\"https:\/\/origin-ymi.yanmar.com\/marine\/?s={search_term_string}\"},\"query-input\":{\"@type\":\"PropertyValueSpecification\",\"valueRequired\":true,\"valueName\":\"search_term_string\"}}],\"inLanguage\":\"en-US\"},{\"@type\":\"Organization\",\"@id\":\"https:\/\/origin-ymi.yanmar.com\/marine\/#organization\",\"name\":\"YANMAR Marine International\",\"url\":\"https:\/\/origin-ymi.yanmar.com\/marine\/\",\"logo\":{\"@type\":\"ImageObject\",\"inLanguage\":\"en-US\",\"@id\":\"https:\/\/origin-ymi.yanmar.com\/marine\/#\/schema\/logo\/image\/\",\"url\":\"https:\/\/origin-ymi.yanmar.com\/marine\/wp-content\/uploads\/2020\/03\/YANMAR-Brand-Logotype2.png\",\"contentUrl\":\"https:\/\/origin-ymi.yanmar.com\/marine\/wp-content\/uploads\/2020\/03\/YANMAR-Brand-Logotype2.png\",\"width\":842,\"height\":168,\"caption\":\"YANMAR Marine International\"},\"image\":{\"@id\":\"https:\/\/origin-ymi.yanmar.com\/marine\/#\/schema\/logo\/image\/\"}}]}<\/script>\n<!-- \/ Yoast SEO Premium plugin. -->","yoast_head_json":{"title":"Partenaires et affili\u00e9s - YANMAR Marine International","robots":{"index":"index","follow":"follow","max-snippet":"max-snippet:-1","max-image-preview":"max-image-preview:large","max-video-preview":"max-video-preview:-1"},"canonical":"https:\/\/www.yanmar.com\/marine\/a-propos-de-nous\/yanmar-marine-international\/partenaires-et-affilis\/","og_locale":"en_US","og_type":"article","og_title":"Partenaires et affili\u00e9s","og_url":"https:\/\/www.yanmar.com\/marine\/fr\/a-propos-de-nous\/yanmar-marine-international\/partenaires-et-affilis\/","og_site_name":"YANMAR Marine International","article_modified_time":"2025-01-14T12:11:21+00:00","og_image":[{"url":"https:\/\/origin-ymi.yanmar.com\/marine\/wp-content\/uploads\/2020\/06\/vetus.png","type":"","width":"","height":""}],"twitter_card":"summary_large_image","twitter_misc":{"Est. reading time":"6 minutes"},"schema":{"@context":"https:\/\/schema.org","@graph":[{"@type":"WebPage","@id":"https:\/\/www.yanmar.com\/marine\/fr\/a-propos-de-nous\/yanmar-marine-international\/partenaires-et-affilis\/","url":"https:\/\/www.yanmar.com\/marine\/fr\/a-propos-de-nous\/yanmar-marine-international\/partenaires-et-affilis\/","name":"Partenaires et affili\u00e9s - YANMAR Marine International","isPartOf":{"@id":"https:\/\/origin-ymi.yanmar.com\/marine\/#website"},"primaryImageOfPage":{"@id":"https:\/\/www.yanmar.com\/marine\/fr\/a-propos-de-nous\/yanmar-marine-international\/partenaires-et-affilis\/#primaryimage"},"image":{"@id":"https:\/\/www.yanmar.com\/marine\/fr\/a-propos-de-nous\/yanmar-marine-international\/partenaires-et-affilis\/#primaryimage"},"thumbnailUrl":"https:\/\/origin-ymi.yanmar.com\/marine\/wp-content\/uploads\/2020\/06\/vetus.png","datePublished":"2020-02-25T15:05:35+00:00","dateModified":"2025-01-14T12:11:21+00:00","breadcrumb":{"@id":"https:\/\/www.yanmar.com\/marine\/fr\/a-propos-de-nous\/yanmar-marine-international\/partenaires-et-affilis\/#breadcrumb"},"inLanguage":"en-US","potentialAction":[{"@type":"ReadAction","target":["https:\/\/www.yanmar.com\/marine\/fr\/a-propos-de-nous\/yanmar-marine-international\/partenaires-et-affilis\/"]}]},{"@type":"ImageObject","inLanguage":"en-US","@id":"https:\/\/www.yanmar.com\/marine\/fr\/a-propos-de-nous\/yanmar-marine-international\/partenaires-et-affilis\/#primaryimage","url":"https:\/\/origin-ymi.yanmar.com\/marine\/wp-content\/uploads\/2020\/06\/vetus.png","contentUrl":"https:\/\/origin-ymi.yanmar.com\/marine\/wp-content\/uploads\/2020\/06\/vetus.png"},{"@type":"BreadcrumbList","@id":"https:\/\/www.yanmar.com\/marine\/fr\/a-propos-de-nous\/yanmar-marine-international\/partenaires-et-affilis\/#breadcrumb","itemListElement":[{"@type":"ListItem","position":1,"name":"Yanmar Marine","item":"https:\/\/origin-ymi.yanmar.com\/marine\/"},{"@type":"ListItem","position":2,"name":"A propos de nous","item":"https:\/\/origin-ymi.yanmar.com\/marine\/a-propos-de-nous\/"},{"@type":"ListItem","position":3,"name":"\u00c0 propos de l&rsquo;IMJ","item":"https:\/\/origin-ymi.yanmar.com\/marine\/a-propos-de-nous\/yanmar-marine-international\/"},{"@type":"ListItem","position":4,"name":"Partenaires et affili\u00e9s"}]},{"@type":"WebSite","@id":"https:\/\/origin-ymi.yanmar.com\/marine\/#website","url":"https:\/\/origin-ymi.yanmar.com\/marine\/","name":"YANMAR Marine International","description":"Proven Marine Technology","publisher":{"@id":"https:\/\/origin-ymi.yanmar.com\/marine\/#organization"},"potentialAction":[{"@type":"SearchAction","target":{"@type":"EntryPoint","urlTemplate":"https:\/\/origin-ymi.yanmar.com\/marine\/?s={search_term_string}"},"query-input":{"@type":"PropertyValueSpecification","valueRequired":true,"valueName":"search_term_string"}}],"inLanguage":"en-US"},{"@type":"Organization","@id":"https:\/\/origin-ymi.yanmar.com\/marine\/#organization","name":"YANMAR Marine International","url":"https:\/\/origin-ymi.yanmar.com\/marine\/","logo":{"@type":"ImageObject","inLanguage":"en-US","@id":"https:\/\/origin-ymi.yanmar.com\/marine\/#\/schema\/logo\/image\/","url":"https:\/\/origin-ymi.yanmar.com\/marine\/wp-content\/uploads\/2020\/03\/YANMAR-Brand-Logotype2.png","contentUrl":"https:\/\/origin-ymi.yanmar.com\/marine\/wp-content\/uploads\/2020\/03\/YANMAR-Brand-Logotype2.png","width":842,"height":168,"caption":"YANMAR Marine International"},"image":{"@id":"https:\/\/origin-ymi.yanmar.com\/marine\/#\/schema\/logo\/image\/"}}]}},"_links":{"self":[{"href":"https:\/\/www.yanmar.com\/marine\/wp-json\/wp\/v2\/pages\/32509","targetHints":{"allow":["GET"]}}],"collection":[{"href":"https:\/\/www.yanmar.com\/marine\/wp-json\/wp\/v2\/pages"}],"about":[{"href":"https:\/\/www.yanmar.com\/marine\/wp-json\/wp\/v2\/types\/page"}],"author":[{"embeddable":true,"href":"https:\/\/www.yanmar.com\/marine\/wp-json\/wp\/v2\/users\/14"}],"replies":[{"embeddable":true,"href":"https:\/\/www.yanmar.com\/marine\/wp-json\/wp\/v2\/comments?post=32509"}],"version-history":[{"count":3,"href":"https:\/\/www.yanmar.com\/marine\/wp-json\/wp\/v2\/pages\/32509\/revisions"}],"predecessor-version":[{"id":45579,"href":"https:\/\/www.yanmar.com\/marine\/wp-json\/wp\/v2\/pages\/32509\/revisions\/45579"}],"up":[{"embeddable":true,"href":"https:\/\/www.yanmar.com\/marine\/wp-json\/wp\/v2\/pages\/32472"}],"wp:attachment":[{"href":"https:\/\/www.yanmar.com\/marine\/wp-json\/wp\/v2\/media?parent=32509"}],"wp:term":[{"taxonomy":"post_tag","embeddable":true,"href":"https:\/\/www.yanmar.com\/marine\/wp-json\/wp\/v2\/tags?post=32509"}],"curies":[{"name":"wp","href":"https:\/\/api.w.org\/{rel}","templated":true}]}}