{"id":46679,"date":"2022-09-07T13:28:28","date_gmt":"2022-09-07T13:28:28","guid":{"rendered":"https:\/\/www.yanmar.com\/marine\/6lt500n-ensiesittely-cannesissa\/"},"modified":"2025-02-10T09:37:17","modified_gmt":"2025-02-10T09:37:17","slug":"6lt500n-ensiesittely-cannesissa","status":"publish","type":"page","link":"https:\/\/www.yanmar.com\/marine\/fi\/6lt500n-ensiesittely-cannesissa\/","title":{"rendered":"6LT500:n ensiesittely Cannesissa"},"content":{"rendered":"\n<div style=\"height:auto\" aria-hidden=\"true\" class=\"wp-block-spacer is-style-small\"><\/div>\n\n<h6 class=\"wp-block-heading has-text-align-center has-primary-color has-text-color has-link-color wp-elements-61899a6272b1947c398e7306574f45c9\">CANNES<\/h6>\n\n<h1 class=\"wp-block-heading has-text-align-center\">6LT500:n ensiesittely Cannesissa<\/h1>\n\n<div style=\"height:auto\" aria-hidden=\"true\" class=\"wp-block-spacer is-style-small\"><\/div>\n\n<figure class=\"wp-block-gallery has-nested-images columns-4 is-cropped wp-block-gallery-2 is-layout-flex wp-block-gallery-is-layout-flex\">\n<figure data-wp-context=\"{&quot;imageId&quot;:&quot;69eb14b1bc965&quot;}\" data-wp-interactive=\"core\/image\" data-wp-key=\"69eb14b1bc965\" class=\"wp-block-image size-full wp-lightbox-container\"><img decoding=\"async\" width=\"600\" height=\"800\" data-wp-class--hide=\"state.isContentHidden\" data-wp-class--show=\"state.isContentVisible\" data-wp-init=\"callbacks.setButtonStyles\" data-wp-on--click=\"actions.showLightbox\" data-wp-on--load=\"callbacks.setButtonStyles\" data-wp-on-window--resize=\"callbacks.setButtonStyles\" data-id=\"42643\" data-src=\"https:\/\/www.yanmar.com\/marine\/wp-content\/smush-webp\/2024\/08\/15d4442c-604d-4a9b-b857-c6efe91c6eac.jpg.webp\" alt=\"\" class=\"wp-image-42643 lazyload\" data-srcset=\"https:\/\/www.yanmar.com\/marine\/wp-content\/smush-webp\/2024\/08\/15d4442c-604d-4a9b-b857-c6efe91c6eac.jpg.webp 600w, https:\/\/www.yanmar.com\/marine\/wp-content\/smush-webp\/2024\/08\/15d4442c-604d-4a9b-b857-c6efe91c6eac-225x300.jpg.webp 225w\" data-sizes=\"(max-width: 600px) 100vw, 600px\" src=\"data:image\/svg+xml;base64,PHN2ZyB3aWR0aD0iMSIgaGVpZ2h0PSIxIiB4bWxucz0iaHR0cDovL3d3dy53My5vcmcvMjAwMC9zdmciPjwvc3ZnPg==\" style=\"--smush-placeholder-width: 600px; --smush-placeholder-aspect-ratio: 600\/800;\" data-smush-webp-fallback=\"{&quot;data-src&quot;:&quot;https:\\\/\\\/www.yanmar.com\\\/marine\\\/wp-content\\\/uploads\\\/2024\\\/08\\\/15d4442c-604d-4a9b-b857-c6efe91c6eac.jpg&quot;,&quot;data-srcset&quot;:&quot;https:\\\/\\\/www.yanmar.com\\\/marine\\\/wp-content\\\/uploads\\\/2024\\\/08\\\/15d4442c-604d-4a9b-b857-c6efe91c6eac.jpg 600w, https:\\\/\\\/www.yanmar.com\\\/marine\\\/wp-content\\\/uploads\\\/2024\\\/08\\\/15d4442c-604d-4a9b-b857-c6efe91c6eac-225x300.jpg 225w&quot;}\" \/><button\n\t\t\tclass=\"lightbox-trigger\"\n\t\t\ttype=\"button\"\n\t\t\taria-haspopup=\"dialog\"\n\t\t\taria-label=\"Enlarge\"\n\t\t\tdata-wp-init=\"callbacks.initTriggerButton\"\n\t\t\tdata-wp-on--click=\"actions.showLightbox\"\n\t\t\tdata-wp-style--right=\"state.imageButtonRight\"\n\t\t\tdata-wp-style--top=\"state.imageButtonTop\"\n\t\t>\n\t\t\t<svg xmlns=\"http:\/\/www.w3.org\/2000\/svg\" width=\"12\" height=\"12\" fill=\"none\" viewBox=\"0 0 12 12\">\n\t\t\t\t<path fill=\"#fff\" d=\"M2 0a2 2 0 0 0-2 2v2h1.5V2a.5.5 0 0 1 .5-.5h2V0H2Zm2 10.5H2a.5.5 0 0 1-.5-.5V8H0v2a2 2 0 0 0 2 2h2v-1.5ZM8 12v-1.5h2a.5.5 0 0 0 .5-.5V8H12v2a2 2 0 0 1-2 2H8Zm2-12a2 2 0 0 1 2 2v2h-1.5V2a.5.5 0 0 0-.5-.5H8V0h2Z\" \/>\n\t\t\t<\/svg>\n\t\t<\/button><\/figure>\n\n\n\n<figure data-wp-context=\"{&quot;imageId&quot;:&quot;69eb14b1bcdbf&quot;}\" data-wp-interactive=\"core\/image\" data-wp-key=\"69eb14b1bcdbf\" class=\"wp-block-image size-full wp-lightbox-container\"><img decoding=\"async\" width=\"800\" height=\"600\" data-wp-class--hide=\"state.isContentHidden\" data-wp-class--show=\"state.isContentVisible\" data-wp-init=\"callbacks.setButtonStyles\" data-wp-on--click=\"actions.showLightbox\" data-wp-on--load=\"callbacks.setButtonStyles\" data-wp-on-window--resize=\"callbacks.setButtonStyles\" data-id=\"42648\" data-src=\"https:\/\/www.yanmar.com\/marine\/wp-content\/smush-webp\/2024\/08\/b1a7c96f-2483-498c-9fd5-ccdc7ffad999.jpg.webp\" alt=\"\" class=\"wp-image-42648 lazyload\" data-srcset=\"https:\/\/www.yanmar.com\/marine\/wp-content\/smush-webp\/2024\/08\/b1a7c96f-2483-498c-9fd5-ccdc7ffad999.jpg.webp 800w, https:\/\/www.yanmar.com\/marine\/wp-content\/smush-webp\/2024\/08\/b1a7c96f-2483-498c-9fd5-ccdc7ffad999-300x225.jpg.webp 300w, https:\/\/www.yanmar.com\/marine\/wp-content\/smush-webp\/2024\/08\/b1a7c96f-2483-498c-9fd5-ccdc7ffad999-768x576.jpg.webp 768w\" data-sizes=\"(max-width: 800px) 100vw, 800px\" src=\"data:image\/svg+xml;base64,PHN2ZyB3aWR0aD0iMSIgaGVpZ2h0PSIxIiB4bWxucz0iaHR0cDovL3d3dy53My5vcmcvMjAwMC9zdmciPjwvc3ZnPg==\" style=\"--smush-placeholder-width: 800px; --smush-placeholder-aspect-ratio: 800\/600;\" data-smush-webp-fallback=\"{&quot;data-src&quot;:&quot;https:\\\/\\\/www.yanmar.com\\\/marine\\\/wp-content\\\/uploads\\\/2024\\\/08\\\/b1a7c96f-2483-498c-9fd5-ccdc7ffad999.jpg&quot;,&quot;data-srcset&quot;:&quot;https:\\\/\\\/www.yanmar.com\\\/marine\\\/wp-content\\\/uploads\\\/2024\\\/08\\\/b1a7c96f-2483-498c-9fd5-ccdc7ffad999.jpg 800w, https:\\\/\\\/www.yanmar.com\\\/marine\\\/wp-content\\\/uploads\\\/2024\\\/08\\\/b1a7c96f-2483-498c-9fd5-ccdc7ffad999-300x225.jpg 300w, https:\\\/\\\/www.yanmar.com\\\/marine\\\/wp-content\\\/uploads\\\/2024\\\/08\\\/b1a7c96f-2483-498c-9fd5-ccdc7ffad999-768x576.jpg 768w&quot;}\" \/><button\n\t\t\tclass=\"lightbox-trigger\"\n\t\t\ttype=\"button\"\n\t\t\taria-haspopup=\"dialog\"\n\t\t\taria-label=\"Enlarge\"\n\t\t\tdata-wp-init=\"callbacks.initTriggerButton\"\n\t\t\tdata-wp-on--click=\"actions.showLightbox\"\n\t\t\tdata-wp-style--right=\"state.imageButtonRight\"\n\t\t\tdata-wp-style--top=\"state.imageButtonTop\"\n\t\t>\n\t\t\t<svg xmlns=\"http:\/\/www.w3.org\/2000\/svg\" width=\"12\" height=\"12\" fill=\"none\" viewBox=\"0 0 12 12\">\n\t\t\t\t<path fill=\"#fff\" d=\"M2 0a2 2 0 0 0-2 2v2h1.5V2a.5.5 0 0 1 .5-.5h2V0H2Zm2 10.5H2a.5.5 0 0 1-.5-.5V8H0v2a2 2 0 0 0 2 2h2v-1.5ZM8 12v-1.5h2a.5.5 0 0 0 .5-.5V8H12v2a2 2 0 0 1-2 2H8Zm2-12a2 2 0 0 1 2 2v2h-1.5V2a.5.5 0 0 0-.5-.5H8V0h2Z\" \/>\n\t\t\t<\/svg>\n\t\t<\/button><\/figure>\n\n\n\n<figure data-wp-context=\"{&quot;imageId&quot;:&quot;69eb14b1bd1cd&quot;}\" data-wp-interactive=\"core\/image\" data-wp-key=\"69eb14b1bd1cd\" class=\"wp-block-image size-full wp-lightbox-container\"><img decoding=\"async\" width=\"800\" height=\"600\" data-wp-class--hide=\"state.isContentHidden\" data-wp-class--show=\"state.isContentVisible\" data-wp-init=\"callbacks.setButtonStyles\" data-wp-on--click=\"actions.showLightbox\" data-wp-on--load=\"callbacks.setButtonStyles\" data-wp-on-window--resize=\"callbacks.setButtonStyles\" data-id=\"42653\" data-src=\"https:\/\/www.yanmar.com\/marine\/wp-content\/smush-webp\/2024\/08\/7ce4173b-52e5-4cd7-9bb9-794686c5dee5.jpg.webp\" alt=\"\" class=\"wp-image-42653 lazyload\" data-srcset=\"https:\/\/www.yanmar.com\/marine\/wp-content\/smush-webp\/2024\/08\/7ce4173b-52e5-4cd7-9bb9-794686c5dee5.jpg.webp 800w, https:\/\/www.yanmar.com\/marine\/wp-content\/smush-webp\/2024\/08\/7ce4173b-52e5-4cd7-9bb9-794686c5dee5-300x225.jpg.webp 300w, https:\/\/www.yanmar.com\/marine\/wp-content\/smush-webp\/2024\/08\/7ce4173b-52e5-4cd7-9bb9-794686c5dee5-768x576.jpg.webp 768w\" data-sizes=\"(max-width: 800px) 100vw, 800px\" src=\"data:image\/svg+xml;base64,PHN2ZyB3aWR0aD0iMSIgaGVpZ2h0PSIxIiB4bWxucz0iaHR0cDovL3d3dy53My5vcmcvMjAwMC9zdmciPjwvc3ZnPg==\" style=\"--smush-placeholder-width: 800px; --smush-placeholder-aspect-ratio: 800\/600;\" data-smush-webp-fallback=\"{&quot;data-src&quot;:&quot;https:\\\/\\\/www.yanmar.com\\\/marine\\\/wp-content\\\/uploads\\\/2024\\\/08\\\/7ce4173b-52e5-4cd7-9bb9-794686c5dee5.jpg&quot;,&quot;data-srcset&quot;:&quot;https:\\\/\\\/www.yanmar.com\\\/marine\\\/wp-content\\\/uploads\\\/2024\\\/08\\\/7ce4173b-52e5-4cd7-9bb9-794686c5dee5.jpg 800w, https:\\\/\\\/www.yanmar.com\\\/marine\\\/wp-content\\\/uploads\\\/2024\\\/08\\\/7ce4173b-52e5-4cd7-9bb9-794686c5dee5-300x225.jpg 300w, https:\\\/\\\/www.yanmar.com\\\/marine\\\/wp-content\\\/uploads\\\/2024\\\/08\\\/7ce4173b-52e5-4cd7-9bb9-794686c5dee5-768x576.jpg 768w&quot;}\" \/><button\n\t\t\tclass=\"lightbox-trigger\"\n\t\t\ttype=\"button\"\n\t\t\taria-haspopup=\"dialog\"\n\t\t\taria-label=\"Enlarge\"\n\t\t\tdata-wp-init=\"callbacks.initTriggerButton\"\n\t\t\tdata-wp-on--click=\"actions.showLightbox\"\n\t\t\tdata-wp-style--right=\"state.imageButtonRight\"\n\t\t\tdata-wp-style--top=\"state.imageButtonTop\"\n\t\t>\n\t\t\t<svg xmlns=\"http:\/\/www.w3.org\/2000\/svg\" width=\"12\" height=\"12\" fill=\"none\" viewBox=\"0 0 12 12\">\n\t\t\t\t<path fill=\"#fff\" d=\"M2 0a2 2 0 0 0-2 2v2h1.5V2a.5.5 0 0 1 .5-.5h2V0H2Zm2 10.5H2a.5.5 0 0 1-.5-.5V8H0v2a2 2 0 0 0 2 2h2v-1.5ZM8 12v-1.5h2a.5.5 0 0 0 .5-.5V8H12v2a2 2 0 0 1-2 2H8Zm2-12a2 2 0 0 1 2 2v2h-1.5V2a.5.5 0 0 0-.5-.5H8V0h2Z\" \/>\n\t\t\t<\/svg>\n\t\t<\/button><\/figure>\n\n\n\n<figure data-wp-context=\"{&quot;imageId&quot;:&quot;69eb14b1bd5de&quot;}\" data-wp-interactive=\"core\/image\" data-wp-key=\"69eb14b1bd5de\" class=\"wp-block-image size-full wp-lightbox-container\"><img decoding=\"async\" width=\"800\" height=\"600\" data-wp-class--hide=\"state.isContentHidden\" data-wp-class--show=\"state.isContentVisible\" data-wp-init=\"callbacks.setButtonStyles\" data-wp-on--click=\"actions.showLightbox\" data-wp-on--load=\"callbacks.setButtonStyles\" data-wp-on-window--resize=\"callbacks.setButtonStyles\" data-id=\"42658\" data-src=\"https:\/\/www.yanmar.com\/marine\/wp-content\/smush-webp\/2024\/08\/32aaf850-dfe8-45e6-80ea-6514e97fd896.jpg.webp\" alt=\"\" class=\"wp-image-42658 lazyload\" data-srcset=\"https:\/\/www.yanmar.com\/marine\/wp-content\/smush-webp\/2024\/08\/32aaf850-dfe8-45e6-80ea-6514e97fd896.jpg.webp 800w, https:\/\/www.yanmar.com\/marine\/wp-content\/smush-webp\/2024\/08\/32aaf850-dfe8-45e6-80ea-6514e97fd896-300x225.jpg.webp 300w, https:\/\/www.yanmar.com\/marine\/wp-content\/smush-webp\/2024\/08\/32aaf850-dfe8-45e6-80ea-6514e97fd896-768x576.jpg.webp 768w\" data-sizes=\"(max-width: 800px) 100vw, 800px\" src=\"data:image\/svg+xml;base64,PHN2ZyB3aWR0aD0iMSIgaGVpZ2h0PSIxIiB4bWxucz0iaHR0cDovL3d3dy53My5vcmcvMjAwMC9zdmciPjwvc3ZnPg==\" style=\"--smush-placeholder-width: 800px; --smush-placeholder-aspect-ratio: 800\/600;\" data-smush-webp-fallback=\"{&quot;data-src&quot;:&quot;https:\\\/\\\/www.yanmar.com\\\/marine\\\/wp-content\\\/uploads\\\/2024\\\/08\\\/32aaf850-dfe8-45e6-80ea-6514e97fd896.jpg&quot;,&quot;data-srcset&quot;:&quot;https:\\\/\\\/www.yanmar.com\\\/marine\\\/wp-content\\\/uploads\\\/2024\\\/08\\\/32aaf850-dfe8-45e6-80ea-6514e97fd896.jpg 800w, https:\\\/\\\/www.yanmar.com\\\/marine\\\/wp-content\\\/uploads\\\/2024\\\/08\\\/32aaf850-dfe8-45e6-80ea-6514e97fd896-300x225.jpg 300w, https:\\\/\\\/www.yanmar.com\\\/marine\\\/wp-content\\\/uploads\\\/2024\\\/08\\\/32aaf850-dfe8-45e6-80ea-6514e97fd896-768x576.jpg 768w&quot;}\" \/><button\n\t\t\tclass=\"lightbox-trigger\"\n\t\t\ttype=\"button\"\n\t\t\taria-haspopup=\"dialog\"\n\t\t\taria-label=\"Enlarge\"\n\t\t\tdata-wp-init=\"callbacks.initTriggerButton\"\n\t\t\tdata-wp-on--click=\"actions.showLightbox\"\n\t\t\tdata-wp-style--right=\"state.imageButtonRight\"\n\t\t\tdata-wp-style--top=\"state.imageButtonTop\"\n\t\t>\n\t\t\t<svg xmlns=\"http:\/\/www.w3.org\/2000\/svg\" width=\"12\" height=\"12\" fill=\"none\" viewBox=\"0 0 12 12\">\n\t\t\t\t<path fill=\"#fff\" d=\"M2 0a2 2 0 0 0-2 2v2h1.5V2a.5.5 0 0 1 .5-.5h2V0H2Zm2 10.5H2a.5.5 0 0 1-.5-.5V8H0v2a2 2 0 0 0 2 2h2v-1.5ZM8 12v-1.5h2a.5.5 0 0 0 .5-.5V8H12v2a2 2 0 0 1-2 2H8Zm2-12a2 2 0 0 1 2 2v2h-1.5V2a.5.5 0 0 0-.5-.5H8V0h2Z\" \/>\n\t\t\t<\/svg>\n\t\t<\/button><\/figure>\n<\/figure>\n\n<div style=\"height:auto\" aria-hidden=\"true\" class=\"wp-block-spacer is-style-small\"><\/div>\n\n<div class=\"wp-block-media-text has-media-on-the-right is-stacked-on-mobile\"><div class=\"wp-block-media-text__content\">\n<p>YANMAR Marine esittelee <a href=\"https:\/\/ymi-test.yanmar-test.com\/product\/engines\/6lt500\/\">6LT500-moottorin<\/a> ensimm\u00e4ist\u00e4 kertaa Cannesissa. <a href=\"https:\/\/ymi-test.yanmar-test.com\/engines\/6lt-series\/\">6LT-moottori<\/a> esiteltiin ensimm\u00e4isen kerran Boot Dusseldorfissa vuoden 2020 alussa, mutta nyt se on saatavilla Cannesissa, ja asiantuntijamme ovat paikalla vastaamassa kaikkiin kysymyksiisi. Tehokas ja kompakti <a href=\"https:\/\/ymi-test.yanmar-test.com\/engines\/common-rail-technology\/\">common rail -moottori<\/a>, joka sopii erinomaisesti puoliper\u00e4vaunualuksiin ja kevyeen kaupalliseen k\u00e4ytt\u00f6\u00f6n, vaihtoehtoja on saatavilla.  <\/p>\n<\/div><figure class=\"wp-block-media-text__media\"><img decoding=\"async\" data-src=\"https:\/\/ymi-test.yanmar-test.com\/wp-content\/uploads\/2022\/09\/172cd025-e41b-423a-990d-08dcf0f998a6.jpg\" alt=\"\" src=\"data:image\/svg+xml;base64,PHN2ZyB3aWR0aD0iMSIgaGVpZ2h0PSIxIiB4bWxucz0iaHR0cDovL3d3dy53My5vcmcvMjAwMC9zdmciPjwvc3ZnPg==\" class=\"lazyload\" \/><\/figure><\/div>\n\n<div style=\"height:auto\" aria-hidden=\"true\" class=\"wp-block-spacer is-style-small\"><\/div>\n\n<h3 class=\"wp-block-heading\">Cannesin venemessut 2022<\/h3>\n\n<div style=\"height:auto\" aria-hidden=\"true\" class=\"wp-block-spacer is-style-medium\"><\/div>\n","protected":false},"excerpt":{"rendered":"<p>CANNES 6LT500:n ensiesittely Cannesissa YANMAR Marine esittelee 6LT500-moottorin ensimm\u00e4ist\u00e4 kertaa Cannesissa. 6LT-moottori esiteltiin ensimm\u00e4isen kerran Boot Dusseldorfissa vuoden 2020 alussa, [&hellip;]<\/p>\n","protected":false},"author":2,"featured_media":46680,"parent":0,"menu_order":0,"comment_status":"closed","ping_status":"closed","template":"","meta":{"_acf_changed":false,"footnotes":""},"tags":[921,912],"class_list":["post-46679","page","type-page","status-publish","has-post-thumbnail","hentry","tag-6lt-fi","tag-cannes-fi"],"acf":[],"yoast_head":"<!-- This site is optimized with the Yoast SEO Premium plugin v27.2 (Yoast SEO v27.2) - https:\/\/yoast.com\/product\/yoast-seo-premium-wordpress\/ -->\n<title>6LT500:n ensiesittely Cannesissa - YANMAR Marine International<\/title>\n<meta name=\"description\" content=\"YANMAR Marine esittelee 6LT500-moottorin ensimm\u00e4ist\u00e4 kertaa Cannesissa.\" \/>\n<meta name=\"robots\" content=\"index, follow, max-snippet:-1, max-image-preview:large, max-video-preview:-1\" \/>\n<link rel=\"canonical\" href=\"https:\/\/www.yanmar.com\/marine\/6lt500n-ensiesittely-cannesissa\/\" \/>\n<meta property=\"og:locale\" content=\"en_US\" \/>\n<meta property=\"og:type\" content=\"article\" \/>\n<meta property=\"og:title\" content=\"6LT500:n ensiesittely Cannesissa\" \/>\n<meta property=\"og:description\" content=\"YANMAR Marine esittelee 6LT500-moottorin ensimm\u00e4ist\u00e4 kertaa Cannesissa.\" \/>\n<meta property=\"og:url\" content=\"https:\/\/www.yanmar.com\/marine\/fi\/6lt500n-ensiesittely-cannesissa\/\" \/>\n<meta property=\"og:site_name\" content=\"YANMAR Marine International\" \/>\n<meta property=\"article:modified_time\" content=\"2025-02-10T09:37:17+00:00\" \/>\n<meta name=\"twitter:card\" content=\"summary_large_image\" \/>\n<script type=\"application\/ld+json\" class=\"yoast-schema-graph\">{\"@context\":\"https:\/\/schema.org\",\"@graph\":[{\"@type\":\"WebPage\",\"@id\":\"https:\/\/www.yanmar.com\/marine\/fi\/6lt500n-ensiesittely-cannesissa\/\",\"url\":\"https:\/\/www.yanmar.com\/marine\/fi\/6lt500n-ensiesittely-cannesissa\/\",\"name\":\"6LT500:n ensiesittely Cannesissa - YANMAR Marine International\",\"isPartOf\":{\"@id\":\"https:\/\/origin-ymi.yanmar.com\/marine\/#website\"},\"primaryImageOfPage\":{\"@id\":\"https:\/\/www.yanmar.com\/marine\/fi\/6lt500n-ensiesittely-cannesissa\/#primaryimage\"},\"image\":{\"@id\":\"https:\/\/www.yanmar.com\/marine\/fi\/6lt500n-ensiesittely-cannesissa\/#primaryimage\"},\"thumbnailUrl\":\"\",\"datePublished\":\"2022-09-07T13:28:28+00:00\",\"dateModified\":\"2025-02-10T09:37:17+00:00\",\"description\":\"YANMAR Marine esittelee 6LT500-moottorin ensimm\u00e4ist\u00e4 kertaa Cannesissa.\",\"breadcrumb\":{\"@id\":\"https:\/\/www.yanmar.com\/marine\/fi\/6lt500n-ensiesittely-cannesissa\/#breadcrumb\"},\"inLanguage\":\"en-US\",\"potentialAction\":[{\"@type\":\"ReadAction\",\"target\":[\"https:\/\/www.yanmar.com\/marine\/fi\/6lt500n-ensiesittely-cannesissa\/\"]}]},{\"@type\":\"ImageObject\",\"inLanguage\":\"en-US\",\"@id\":\"https:\/\/www.yanmar.com\/marine\/fi\/6lt500n-ensiesittely-cannesissa\/#primaryimage\",\"url\":\"\",\"contentUrl\":\"\"},{\"@type\":\"BreadcrumbList\",\"@id\":\"https:\/\/www.yanmar.com\/marine\/fi\/6lt500n-ensiesittely-cannesissa\/#breadcrumb\",\"itemListElement\":[{\"@type\":\"ListItem\",\"position\":1,\"name\":\"Yanmar Marine\",\"item\":\"https:\/\/origin-ymi.yanmar.com\/marine\/\"},{\"@type\":\"ListItem\",\"position\":2,\"name\":\"6LT500:n ensiesittely Cannesissa\"}]},{\"@type\":\"WebSite\",\"@id\":\"https:\/\/origin-ymi.yanmar.com\/marine\/#website\",\"url\":\"https:\/\/origin-ymi.yanmar.com\/marine\/\",\"name\":\"YANMAR Marine International\",\"description\":\"Proven Marine Technology\",\"publisher\":{\"@id\":\"https:\/\/origin-ymi.yanmar.com\/marine\/#organization\"},\"potentialAction\":[{\"@type\":\"SearchAction\",\"target\":{\"@type\":\"EntryPoint\",\"urlTemplate\":\"https:\/\/origin-ymi.yanmar.com\/marine\/?s={search_term_string}\"},\"query-input\":{\"@type\":\"PropertyValueSpecification\",\"valueRequired\":true,\"valueName\":\"search_term_string\"}}],\"inLanguage\":\"en-US\"},{\"@type\":\"Organization\",\"@id\":\"https:\/\/origin-ymi.yanmar.com\/marine\/#organization\",\"name\":\"YANMAR Marine International\",\"url\":\"https:\/\/origin-ymi.yanmar.com\/marine\/\",\"logo\":{\"@type\":\"ImageObject\",\"inLanguage\":\"en-US\",\"@id\":\"https:\/\/origin-ymi.yanmar.com\/marine\/#\/schema\/logo\/image\/\",\"url\":\"https:\/\/origin-ymi.yanmar.com\/marine\/wp-content\/uploads\/2020\/03\/YANMAR-Brand-Logotype2.png\",\"contentUrl\":\"https:\/\/origin-ymi.yanmar.com\/marine\/wp-content\/uploads\/2020\/03\/YANMAR-Brand-Logotype2.png\",\"width\":842,\"height\":168,\"caption\":\"YANMAR Marine International\"},\"image\":{\"@id\":\"https:\/\/origin-ymi.yanmar.com\/marine\/#\/schema\/logo\/image\/\"}}]}<\/script>\n<!-- \/ Yoast SEO Premium plugin. -->","yoast_head_json":{"title":"6LT500:n ensiesittely Cannesissa - YANMAR Marine International","description":"YANMAR Marine esittelee 6LT500-moottorin ensimm\u00e4ist\u00e4 kertaa Cannesissa.","robots":{"index":"index","follow":"follow","max-snippet":"max-snippet:-1","max-image-preview":"max-image-preview:large","max-video-preview":"max-video-preview:-1"},"canonical":"https:\/\/www.yanmar.com\/marine\/6lt500n-ensiesittely-cannesissa\/","og_locale":"en_US","og_type":"article","og_title":"6LT500:n ensiesittely Cannesissa","og_description":"YANMAR Marine esittelee 6LT500-moottorin ensimm\u00e4ist\u00e4 kertaa Cannesissa.","og_url":"https:\/\/www.yanmar.com\/marine\/fi\/6lt500n-ensiesittely-cannesissa\/","og_site_name":"YANMAR Marine International","article_modified_time":"2025-02-10T09:37:17+00:00","twitter_card":"summary_large_image","schema":{"@context":"https:\/\/schema.org","@graph":[{"@type":"WebPage","@id":"https:\/\/www.yanmar.com\/marine\/fi\/6lt500n-ensiesittely-cannesissa\/","url":"https:\/\/www.yanmar.com\/marine\/fi\/6lt500n-ensiesittely-cannesissa\/","name":"6LT500:n ensiesittely Cannesissa - YANMAR Marine International","isPartOf":{"@id":"https:\/\/origin-ymi.yanmar.com\/marine\/#website"},"primaryImageOfPage":{"@id":"https:\/\/www.yanmar.com\/marine\/fi\/6lt500n-ensiesittely-cannesissa\/#primaryimage"},"image":{"@id":"https:\/\/www.yanmar.com\/marine\/fi\/6lt500n-ensiesittely-cannesissa\/#primaryimage"},"thumbnailUrl":"","datePublished":"2022-09-07T13:28:28+00:00","dateModified":"2025-02-10T09:37:17+00:00","description":"YANMAR Marine esittelee 6LT500-moottorin ensimm\u00e4ist\u00e4 kertaa Cannesissa.","breadcrumb":{"@id":"https:\/\/www.yanmar.com\/marine\/fi\/6lt500n-ensiesittely-cannesissa\/#breadcrumb"},"inLanguage":"en-US","potentialAction":[{"@type":"ReadAction","target":["https:\/\/www.yanmar.com\/marine\/fi\/6lt500n-ensiesittely-cannesissa\/"]}]},{"@type":"ImageObject","inLanguage":"en-US","@id":"https:\/\/www.yanmar.com\/marine\/fi\/6lt500n-ensiesittely-cannesissa\/#primaryimage","url":"","contentUrl":""},{"@type":"BreadcrumbList","@id":"https:\/\/www.yanmar.com\/marine\/fi\/6lt500n-ensiesittely-cannesissa\/#breadcrumb","itemListElement":[{"@type":"ListItem","position":1,"name":"Yanmar Marine","item":"https:\/\/origin-ymi.yanmar.com\/marine\/"},{"@type":"ListItem","position":2,"name":"6LT500:n ensiesittely Cannesissa"}]},{"@type":"WebSite","@id":"https:\/\/origin-ymi.yanmar.com\/marine\/#website","url":"https:\/\/origin-ymi.yanmar.com\/marine\/","name":"YANMAR Marine International","description":"Proven Marine Technology","publisher":{"@id":"https:\/\/origin-ymi.yanmar.com\/marine\/#organization"},"potentialAction":[{"@type":"SearchAction","target":{"@type":"EntryPoint","urlTemplate":"https:\/\/origin-ymi.yanmar.com\/marine\/?s={search_term_string}"},"query-input":{"@type":"PropertyValueSpecification","valueRequired":true,"valueName":"search_term_string"}}],"inLanguage":"en-US"},{"@type":"Organization","@id":"https:\/\/origin-ymi.yanmar.com\/marine\/#organization","name":"YANMAR Marine International","url":"https:\/\/origin-ymi.yanmar.com\/marine\/","logo":{"@type":"ImageObject","inLanguage":"en-US","@id":"https:\/\/origin-ymi.yanmar.com\/marine\/#\/schema\/logo\/image\/","url":"https:\/\/origin-ymi.yanmar.com\/marine\/wp-content\/uploads\/2020\/03\/YANMAR-Brand-Logotype2.png","contentUrl":"https:\/\/origin-ymi.yanmar.com\/marine\/wp-content\/uploads\/2020\/03\/YANMAR-Brand-Logotype2.png","width":842,"height":168,"caption":"YANMAR Marine International"},"image":{"@id":"https:\/\/origin-ymi.yanmar.com\/marine\/#\/schema\/logo\/image\/"}}]}},"_links":{"self":[{"href":"https:\/\/www.yanmar.com\/marine\/wp-json\/wp\/v2\/pages\/46679","targetHints":{"allow":["GET"]}}],"collection":[{"href":"https:\/\/www.yanmar.com\/marine\/wp-json\/wp\/v2\/pages"}],"about":[{"href":"https:\/\/www.yanmar.com\/marine\/wp-json\/wp\/v2\/types\/page"}],"author":[{"embeddable":true,"href":"https:\/\/www.yanmar.com\/marine\/wp-json\/wp\/v2\/users\/2"}],"replies":[{"embeddable":true,"href":"https:\/\/www.yanmar.com\/marine\/wp-json\/wp\/v2\/comments?post=46679"}],"version-history":[{"count":1,"href":"https:\/\/www.yanmar.com\/marine\/wp-json\/wp\/v2\/pages\/46679\/revisions"}],"predecessor-version":[{"id":46681,"href":"https:\/\/www.yanmar.com\/marine\/wp-json\/wp\/v2\/pages\/46679\/revisions\/46681"}],"wp:featuredmedia":[{"embeddable":true,"href":"https:\/\/www.yanmar.com\/marine\/wp-json\/"}],"wp:attachment":[{"href":"https:\/\/www.yanmar.com\/marine\/wp-json\/wp\/v2\/media?parent=46679"}],"wp:term":[{"taxonomy":"post_tag","embeddable":true,"href":"https:\/\/www.yanmar.com\/marine\/wp-json\/wp\/v2\/tags?post=46679"}],"curies":[{"name":"wp","href":"https:\/\/api.w.org\/{rel}","templated":true}]}}