{"id":46682,"date":"2022-09-08T12:20:21","date_gmt":"2022-09-08T12:20:21","guid":{"rendered":"https:\/\/www.yanmar.com\/marine\/tapaa-asiantuntijat-cannesissa\/"},"modified":"2025-02-10T09:37:17","modified_gmt":"2025-02-10T09:37:17","slug":"tapaa-asiantuntijat-cannesissa","status":"publish","type":"page","link":"https:\/\/www.yanmar.com\/marine\/fi\/tapaa-asiantuntijat-cannesissa\/","title":{"rendered":"Tapaa asiantuntijat Cannesissa"},"content":{"rendered":"\n<div style=\"height:auto\" aria-hidden=\"true\" class=\"wp-block-spacer is-style-small\"><\/div>\n\n<h6 class=\"wp-block-heading has-text-align-center has-primary-color has-text-color has-link-color wp-elements-61899a6272b1947c398e7306574f45c9\">CANNES<\/h6>\n\n<h1 class=\"wp-block-heading has-text-align-center\">Tapaa asiantuntijat Cannesissa<\/h1>\n\n<div style=\"height:auto\" aria-hidden=\"true\" class=\"wp-block-spacer is-style-small\"><\/div>\n\n<div class=\"wp-block-media-text has-media-on-the-right is-stacked-on-mobile\"><div class=\"wp-block-media-text__content\">\n<p>Aluep\u00e4\u00e4llikk\u00f6 Julio Arribas pit\u00e4\u00e4 aamun tiedotustilaisuuden p\u00e4iv\u00e4n alkajaisiksi. Cannes on loistava tilaisuus vierailla asiantuntijatiimiss\u00e4mme paikan p\u00e4\u00e4ll\u00e4, jotka antavat mielell\u00e4\u00e4n tietoa tuotteistamme. <\/p>\n<\/div><figure class=\"wp-block-media-text__media\"><img decoding=\"async\" data-src=\"https:\/\/ymi-test.yanmar-test.com\/wp-content\/uploads\/2022\/09\/8e97bce3-75f6-4ae4-82b5-489be0b9befb.jpg\" alt=\"\" src=\"data:image\/svg+xml;base64,PHN2ZyB3aWR0aD0iMSIgaGVpZ2h0PSIxIiB4bWxucz0iaHR0cDovL3d3dy53My5vcmcvMjAwMC9zdmciPjwvc3ZnPg==\" class=\"lazyload\" \/><\/figure><\/div>\n\n<div style=\"height:auto\" aria-hidden=\"true\" class=\"wp-block-spacer is-style-medium\"><\/div>\n","protected":false},"excerpt":{"rendered":"<p>CANNES Tapaa asiantuntijat Cannesissa Aluep\u00e4\u00e4llikk\u00f6 Julio Arribas pit\u00e4\u00e4 aamun tiedotustilaisuuden p\u00e4iv\u00e4n alkajaisiksi. Cannes on loistava tilaisuus vierailla asiantuntijatiimiss\u00e4mme paikan p\u00e4\u00e4ll\u00e4, [&hellip;]<\/p>\n","protected":false},"author":2,"featured_media":46683,"parent":0,"menu_order":0,"comment_status":"closed","ping_status":"closed","template":"","meta":{"_acf_changed":false,"footnotes":""},"tags":[912],"class_list":["post-46682","page","type-page","status-publish","has-post-thumbnail","hentry","tag-cannes-fi"],"acf":[],"yoast_head":"<!-- This site is optimized with the Yoast SEO Premium plugin v27.2 (Yoast SEO v27.2) - https:\/\/yoast.com\/product\/yoast-seo-premium-wordpress\/ -->\n<title>Tapaa asiantuntijat Cannesissa - YANMAR Marine International<\/title>\n<meta name=\"description\" content=\"Aluep\u00e4\u00e4llikk\u00f6 Julio Arribas pit\u00e4\u00e4 aamun tiedotustilaisuuden p\u00e4iv\u00e4n alkajaisiksi.\" \/>\n<meta name=\"robots\" content=\"index, follow, max-snippet:-1, max-image-preview:large, max-video-preview:-1\" \/>\n<link rel=\"canonical\" href=\"https:\/\/www.yanmar.com\/marine\/tapaa-asiantuntijat-cannesissa\/\" \/>\n<meta property=\"og:locale\" content=\"en_US\" \/>\n<meta property=\"og:type\" content=\"article\" \/>\n<meta property=\"og:title\" content=\"Tapaa asiantuntijat Cannesissa\" \/>\n<meta property=\"og:description\" content=\"Aluep\u00e4\u00e4llikk\u00f6 Julio Arribas pit\u00e4\u00e4 aamun tiedotustilaisuuden p\u00e4iv\u00e4n alkajaisiksi.\" \/>\n<meta property=\"og:url\" content=\"https:\/\/www.yanmar.com\/marine\/fi\/tapaa-asiantuntijat-cannesissa\/\" \/>\n<meta property=\"og:site_name\" content=\"YANMAR Marine International\" \/>\n<meta property=\"article:modified_time\" content=\"2025-02-10T09:37:17+00:00\" \/>\n<meta name=\"twitter:card\" content=\"summary_large_image\" \/>\n<script type=\"application\/ld+json\" class=\"yoast-schema-graph\">{\"@context\":\"https:\/\/schema.org\",\"@graph\":[{\"@type\":\"WebPage\",\"@id\":\"https:\/\/www.yanmar.com\/marine\/fi\/tapaa-asiantuntijat-cannesissa\/\",\"url\":\"https:\/\/www.yanmar.com\/marine\/fi\/tapaa-asiantuntijat-cannesissa\/\",\"name\":\"Tapaa asiantuntijat Cannesissa - YANMAR Marine International\",\"isPartOf\":{\"@id\":\"https:\/\/origin-ymi.yanmar.com\/marine\/#website\"},\"primaryImageOfPage\":{\"@id\":\"https:\/\/www.yanmar.com\/marine\/fi\/tapaa-asiantuntijat-cannesissa\/#primaryimage\"},\"image\":{\"@id\":\"https:\/\/www.yanmar.com\/marine\/fi\/tapaa-asiantuntijat-cannesissa\/#primaryimage\"},\"thumbnailUrl\":\"\",\"datePublished\":\"2022-09-08T12:20:21+00:00\",\"dateModified\":\"2025-02-10T09:37:17+00:00\",\"description\":\"Aluep\u00e4\u00e4llikk\u00f6 Julio Arribas pit\u00e4\u00e4 aamun tiedotustilaisuuden p\u00e4iv\u00e4n alkajaisiksi.\",\"breadcrumb\":{\"@id\":\"https:\/\/www.yanmar.com\/marine\/fi\/tapaa-asiantuntijat-cannesissa\/#breadcrumb\"},\"inLanguage\":\"en-US\",\"potentialAction\":[{\"@type\":\"ReadAction\",\"target\":[\"https:\/\/www.yanmar.com\/marine\/fi\/tapaa-asiantuntijat-cannesissa\/\"]}]},{\"@type\":\"ImageObject\",\"inLanguage\":\"en-US\",\"@id\":\"https:\/\/www.yanmar.com\/marine\/fi\/tapaa-asiantuntijat-cannesissa\/#primaryimage\",\"url\":\"\",\"contentUrl\":\"\"},{\"@type\":\"BreadcrumbList\",\"@id\":\"https:\/\/www.yanmar.com\/marine\/fi\/tapaa-asiantuntijat-cannesissa\/#breadcrumb\",\"itemListElement\":[{\"@type\":\"ListItem\",\"position\":1,\"name\":\"Yanmar Marine\",\"item\":\"https:\/\/origin-ymi.yanmar.com\/marine\/\"},{\"@type\":\"ListItem\",\"position\":2,\"name\":\"Tapaa asiantuntijat Cannesissa\"}]},{\"@type\":\"WebSite\",\"@id\":\"https:\/\/origin-ymi.yanmar.com\/marine\/#website\",\"url\":\"https:\/\/origin-ymi.yanmar.com\/marine\/\",\"name\":\"YANMAR Marine International\",\"description\":\"Proven Marine Technology\",\"publisher\":{\"@id\":\"https:\/\/origin-ymi.yanmar.com\/marine\/#organization\"},\"potentialAction\":[{\"@type\":\"SearchAction\",\"target\":{\"@type\":\"EntryPoint\",\"urlTemplate\":\"https:\/\/origin-ymi.yanmar.com\/marine\/?s={search_term_string}\"},\"query-input\":{\"@type\":\"PropertyValueSpecification\",\"valueRequired\":true,\"valueName\":\"search_term_string\"}}],\"inLanguage\":\"en-US\"},{\"@type\":\"Organization\",\"@id\":\"https:\/\/origin-ymi.yanmar.com\/marine\/#organization\",\"name\":\"YANMAR Marine International\",\"url\":\"https:\/\/origin-ymi.yanmar.com\/marine\/\",\"logo\":{\"@type\":\"ImageObject\",\"inLanguage\":\"en-US\",\"@id\":\"https:\/\/origin-ymi.yanmar.com\/marine\/#\/schema\/logo\/image\/\",\"url\":\"https:\/\/origin-ymi.yanmar.com\/marine\/wp-content\/uploads\/2020\/03\/YANMAR-Brand-Logotype2.png\",\"contentUrl\":\"https:\/\/origin-ymi.yanmar.com\/marine\/wp-content\/uploads\/2020\/03\/YANMAR-Brand-Logotype2.png\",\"width\":842,\"height\":168,\"caption\":\"YANMAR Marine International\"},\"image\":{\"@id\":\"https:\/\/origin-ymi.yanmar.com\/marine\/#\/schema\/logo\/image\/\"}}]}<\/script>\n<!-- \/ Yoast SEO Premium plugin. -->","yoast_head_json":{"title":"Tapaa asiantuntijat Cannesissa - YANMAR Marine International","description":"Aluep\u00e4\u00e4llikk\u00f6 Julio Arribas pit\u00e4\u00e4 aamun tiedotustilaisuuden p\u00e4iv\u00e4n alkajaisiksi.","robots":{"index":"index","follow":"follow","max-snippet":"max-snippet:-1","max-image-preview":"max-image-preview:large","max-video-preview":"max-video-preview:-1"},"canonical":"https:\/\/www.yanmar.com\/marine\/tapaa-asiantuntijat-cannesissa\/","og_locale":"en_US","og_type":"article","og_title":"Tapaa asiantuntijat Cannesissa","og_description":"Aluep\u00e4\u00e4llikk\u00f6 Julio Arribas pit\u00e4\u00e4 aamun tiedotustilaisuuden p\u00e4iv\u00e4n alkajaisiksi.","og_url":"https:\/\/www.yanmar.com\/marine\/fi\/tapaa-asiantuntijat-cannesissa\/","og_site_name":"YANMAR Marine International","article_modified_time":"2025-02-10T09:37:17+00:00","twitter_card":"summary_large_image","schema":{"@context":"https:\/\/schema.org","@graph":[{"@type":"WebPage","@id":"https:\/\/www.yanmar.com\/marine\/fi\/tapaa-asiantuntijat-cannesissa\/","url":"https:\/\/www.yanmar.com\/marine\/fi\/tapaa-asiantuntijat-cannesissa\/","name":"Tapaa asiantuntijat Cannesissa - YANMAR Marine International","isPartOf":{"@id":"https:\/\/origin-ymi.yanmar.com\/marine\/#website"},"primaryImageOfPage":{"@id":"https:\/\/www.yanmar.com\/marine\/fi\/tapaa-asiantuntijat-cannesissa\/#primaryimage"},"image":{"@id":"https:\/\/www.yanmar.com\/marine\/fi\/tapaa-asiantuntijat-cannesissa\/#primaryimage"},"thumbnailUrl":"","datePublished":"2022-09-08T12:20:21+00:00","dateModified":"2025-02-10T09:37:17+00:00","description":"Aluep\u00e4\u00e4llikk\u00f6 Julio Arribas pit\u00e4\u00e4 aamun tiedotustilaisuuden p\u00e4iv\u00e4n alkajaisiksi.","breadcrumb":{"@id":"https:\/\/www.yanmar.com\/marine\/fi\/tapaa-asiantuntijat-cannesissa\/#breadcrumb"},"inLanguage":"en-US","potentialAction":[{"@type":"ReadAction","target":["https:\/\/www.yanmar.com\/marine\/fi\/tapaa-asiantuntijat-cannesissa\/"]}]},{"@type":"ImageObject","inLanguage":"en-US","@id":"https:\/\/www.yanmar.com\/marine\/fi\/tapaa-asiantuntijat-cannesissa\/#primaryimage","url":"","contentUrl":""},{"@type":"BreadcrumbList","@id":"https:\/\/www.yanmar.com\/marine\/fi\/tapaa-asiantuntijat-cannesissa\/#breadcrumb","itemListElement":[{"@type":"ListItem","position":1,"name":"Yanmar Marine","item":"https:\/\/origin-ymi.yanmar.com\/marine\/"},{"@type":"ListItem","position":2,"name":"Tapaa asiantuntijat Cannesissa"}]},{"@type":"WebSite","@id":"https:\/\/origin-ymi.yanmar.com\/marine\/#website","url":"https:\/\/origin-ymi.yanmar.com\/marine\/","name":"YANMAR Marine International","description":"Proven Marine Technology","publisher":{"@id":"https:\/\/origin-ymi.yanmar.com\/marine\/#organization"},"potentialAction":[{"@type":"SearchAction","target":{"@type":"EntryPoint","urlTemplate":"https:\/\/origin-ymi.yanmar.com\/marine\/?s={search_term_string}"},"query-input":{"@type":"PropertyValueSpecification","valueRequired":true,"valueName":"search_term_string"}}],"inLanguage":"en-US"},{"@type":"Organization","@id":"https:\/\/origin-ymi.yanmar.com\/marine\/#organization","name":"YANMAR Marine International","url":"https:\/\/origin-ymi.yanmar.com\/marine\/","logo":{"@type":"ImageObject","inLanguage":"en-US","@id":"https:\/\/origin-ymi.yanmar.com\/marine\/#\/schema\/logo\/image\/","url":"https:\/\/origin-ymi.yanmar.com\/marine\/wp-content\/uploads\/2020\/03\/YANMAR-Brand-Logotype2.png","contentUrl":"https:\/\/origin-ymi.yanmar.com\/marine\/wp-content\/uploads\/2020\/03\/YANMAR-Brand-Logotype2.png","width":842,"height":168,"caption":"YANMAR Marine International"},"image":{"@id":"https:\/\/origin-ymi.yanmar.com\/marine\/#\/schema\/logo\/image\/"}}]}},"_links":{"self":[{"href":"https:\/\/www.yanmar.com\/marine\/wp-json\/wp\/v2\/pages\/46682","targetHints":{"allow":["GET"]}}],"collection":[{"href":"https:\/\/www.yanmar.com\/marine\/wp-json\/wp\/v2\/pages"}],"about":[{"href":"https:\/\/www.yanmar.com\/marine\/wp-json\/wp\/v2\/types\/page"}],"author":[{"embeddable":true,"href":"https:\/\/www.yanmar.com\/marine\/wp-json\/wp\/v2\/users\/2"}],"replies":[{"embeddable":true,"href":"https:\/\/www.yanmar.com\/marine\/wp-json\/wp\/v2\/comments?post=46682"}],"version-history":[{"count":1,"href":"https:\/\/www.yanmar.com\/marine\/wp-json\/wp\/v2\/pages\/46682\/revisions"}],"predecessor-version":[{"id":46684,"href":"https:\/\/www.yanmar.com\/marine\/wp-json\/wp\/v2\/pages\/46682\/revisions\/46684"}],"wp:featuredmedia":[{"embeddable":true,"href":"https:\/\/www.yanmar.com\/marine\/wp-json\/"}],"wp:attachment":[{"href":"https:\/\/www.yanmar.com\/marine\/wp-json\/wp\/v2\/media?parent=46682"}],"wp:term":[{"taxonomy":"post_tag","embeddable":true,"href":"https:\/\/www.yanmar.com\/marine\/wp-json\/wp\/v2\/tags?post=46682"}],"curies":[{"name":"wp","href":"https:\/\/api.w.org\/{rel}","templated":true}]}}